, 3, 5
Let y be (-2)/(-7) - (0 + (-12066)/(-42)). Let p = 377 - y. What are the prime factors of p?
2, 83
Suppose 5*r = l + 596, 878 - 278 = 5*r - 5*l. Suppose 2*g - r - 403 = 0. What are the prime factors of g?
3, 29
Let i(n) = -387*n + 159. What are the prime factors of i(-4)?
3, 569
Let w = 6 + -41. Suppose -3*y - 4*b = -308, -133 = -3*y - b + 160. Let o = y + w. What are the prime factors of o?
61
Let h(k) be the second derivative of 16*k**3/3 + 53*k**2/2 + 137*k. What are the prime factors of h(6)?
5, 7
Let v = -61 - -68. Let g(y) = 23*y - 2. Let x be g(1). Suppose -v*r = x - 294. What are the prime factors of r?
3, 13
Let f = 134 + -90. Suppose -s - 191 = -4*l - 55, 4*l - 5*s - 136 = 0. Suppose -f - l = -h. What are the prime factors of h?
2, 3, 13
Suppose 2296 + 4387 = 2*j - 7201. List the prime factors of j.
2, 3, 13, 89
Suppose -n + 64557 = -3*z, 47*n - 46*n + 4*z = 64501. What are the prime factors of n?
3, 7, 439
Suppose 43*v - 17*v = 96486. What are the prime factors of v?
3, 1237
Let y be 4 - (-206 - (-5 + 0)) - 3. Suppose 54 = y*b - 196*b. List the prime factors of b.
3
Let j(y) = y**3 + y**2 - 3*y + 3. Let z be j(-3). Let m be 53/6 - z/36. What are the prime factors of (-39)/m*(-30)/2?
5, 13
Suppose -3*q + 4*a + 21 = 0, -38 = -4*q + 2*a - 10. Suppose -4*b = 8, 4573 = q*y - 2*y + b. List the prime factors of y.
3, 5, 61
Let a(g) = g + 6. Let s be a(-4). Suppose -837 = 2*o - 3*o + 2*y, -s*o + 1678 = -2*y. List the prime factors of o.
29
Let w(p) = -p**3 - 4*p**2 + 6*p + 2. Let j be w(-5). Let g be (8 + j - -2)/1. Suppose -g*n = -2*n - 270. List the prime factors of n.
2, 3
Let w be ((220/(-50))/11)/(1/930). Suppose 2*q = -4*h + 1072, -3*q + 5*h - 526 = -2134. Let f = w + q. What are the prime factors of f?
2, 41
Suppose 3*l = -6, l = -2*s + 3*l + 8. What are the prime factors of (955/30)/(s/12)?
191
Let q(s) = -s**3 - 14*s**2 - 15*s + 12. Let i be q(-12). Let h be i/(-10) + -6*(-1)/(-10). Let d = h - 6. List the prime factors of d.
3
Let a(w) = w**3 + 21*w**2 + 12*w + 4. Let p be (2360/177)/((-4)/6). What are the prime factors of a(p)?
2, 41
What are the prime factors of (13 - 9)/24*45774?
3, 2543
Let k(h) = 1 - 13 + h**3 + 19*h**2 - 8 + 37 + 21*h. List the prime factors of k(-16).
449
Let t = 21436 + 273. List the prime factors of t.
17, 1277
Let f(t) be the second derivative of -15/2*t**2 + 15*t + 7/2*t**3 + 0. What are the prime factors of f(4)?
3, 23
Let z(g) = 2*g**2 - 63*g + 1061. List the prime factors of z(95).
2, 6563
Let y = 17704 + -10935. What are the prime factors of y?
7, 967
Let y = -13 - -19. Suppose y*f - 2 - 16 = 0. Suppose -t + f = -40. List the prime factors of t.
43
Let h(x) = x**3 - 9*x**2 + 10*x - 10. Let d be h(8). Let w(u) = -u**2 + 28 - 46*u - 48*u + 98*u. What are the prime factors of w(d)?
2
Suppose 3*f - 4*f + 2 = -b, -5*b + 10 = 5*f. Suppose 20 = 8*w - 4*w - 4*v, f = w - 2*v. Suppose 0 = -w*u - 0*u + 1384. What are the prime factors of u?
173
Let m = -1343 - -1690. What are the prime factors of m?
347
Let h be 1*((-30928)/(-28) + (-6)/(-14)). Suppose 3*o - 4*f = 812, 4*f = -3*o + h - 261. List the prime factors of o.
2, 3, 23
Let b(v) = 4*v**2 - 9*v - 42. Let z be b(13). Let i = 159 - 525. Let o = z + i. List the prime factors of o.
151
Suppose 12311 = l - 5*x, -33*l + 36957 = -30*l - 3*x. What are the prime factors of l?
3, 37
Let l(r) be the third derivative of r**6/120 + 7*r**5/30 - 11*r**4/24 + r**3/3 - 46*r**2. What are the prime factors of l(-14)?
2, 3, 13
Let y(g) = -g**3 - 3*g**2 + 6*g - 7. Let w be y(-5). Let l = -2749 + 2855. Suppose -j + l = 2*p, -p - 3*j + 50 = -w. What are the prime factors of p?
3, 17
Suppose -5*g - 3*b + 10970 = 0, 4*g - b - 13205 + 4446 = 0. List the prime factors of g.
7, 313
What are the prime factors of 2/10 + 6596121/595 + (-6)/51?
2, 23, 241
Let o(m) = -m**3 - 17*m - 47. Let u be o(-10). Suppose -u = -3*f - 4*x, -3*f = x - 740 - 398. What are the prime factors of f?
3, 127
Suppose 0 = -4*g + 2*i + 878, -3*i = 4*g + 161 - 1064. Suppose -225*r + g*r + 291 = 0. List the prime factors of r.
97
Let x = -787 + 1292. Suppose -9*m + x = -10169. List the prime factors of m.
2, 593
Let y be (321/6)/((-6)/(-12)). Let a = 394 - y. List the prime factors of a.
7, 41
Let b = 25936 - 15260. What are the prime factors of b?
2, 17, 157
Let z(f) = -f**3 + 46*f**2 - 70*f + 32. What are the prime factors of z(24)?
2, 13, 53
Let f(p) = -p**2 + 2*p - 2. Let x be f(9). Let m(k) = -102*k**3 + 2*k + 1. Let r be m(-1). Let w = r + x. List the prime factors of w.
2, 3
Suppose 67*g - 78*g + 33 = 0. Let m = -19 - -10. List the prime factors of 6/m - (-257)/g.
5, 17
Suppose 5*c - 2*p - 28244 = 0, -p - 5190 = -c + 454. What are the prime factors of c?
2, 3, 157
Let c(q) = 170*q**2 + 16*q + 48. What are the prime factors of c(-5)?
2, 3, 19, 37
Suppose 2*k = -w + 94152, -11*k = -8*k + 4*w - 141218. List the prime factors of k.
2, 23539
Let o(r) = 0*r**2 + 5*r - 8*r - 5*r**2 + 13 + 4*r**2. Let g be o(-5). Suppose k = g*k - 80. List the prime factors of k.
2, 5
Let k(z) = -z**3 - 31*z**2 + 8*z - 186. List the prime factors of k(-43).
2, 7, 13, 17
Let m be (1 - 0)*-2 - -75. Let y = 115 - m. List the prime factors of y.
2, 3, 7
Let k(x) = 6*x - 75. Let v be k(14). Suppose 42 = v*u + 15. Suppose -5*m + 12 = -u, 1127 = 5*r - m. What are the prime factors of r?
2, 113
Suppose 1069500 = 243*i - 93*i. List the prime factors of i.
2, 5, 23, 31
Suppose -a + 21 = 19. Suppose -3*n - a*z + 1754 = 0, 5*n = -4*z + 486 + 2434. List the prime factors of n.
2, 3, 7
Suppose 336 = -9*w + 2*w. Let i = -32 - w. Let t = 43 - i. List the prime factors of t.
3
Suppose -4*d = 4*i + 3 - 31, -36 = -3*i + 2*d. Let l(r) = 49*r + 41. What are the prime factors of l(i)?
3, 59
Let y(p) = p**3 - 30*p**2 + 24*p - 4. Let t be y(34). Suppose 152*o - t = 140*o. List the prime factors of o.
3, 151
Suppose -29*j + 600221 = 29617. What are the prime factors of j?
2, 4919
Suppose 213*u + 1873256 = 301*u. What are the prime factors of u?
7, 3041
Let o(z) = -2*z - 23*z - 3 - 3 + 3. Let a be o(-3). Let u = 141 - a. List the prime factors of u.
3, 23
Let z(p) be the third derivative of p**4/12 - 2*p**3/3 - 14*p**2. Let r be z(-13). Let v = 43 + r. What are the prime factors of v?
13
Suppose -l = -c - 16645 - 4536, -l + 4*c + 21202 = 0. What are the prime factors of l?
2, 3, 3529
Let n = 45471 - 13989. List the prime factors of n.
2, 3, 11, 53
Suppose -31*w = -36*w + 860. Let r = 236 - w. List the prime factors of r.
2
Let l(g) = 2*g**3 + 25*g**2 - 15*g - 28. Let a be l(-13). List the prime factors of (-5)/a - (-3003)/22.
139
Suppose 0 = -20*g - 4*g. Suppose 8*m + 51 - 1899 = g. List the prime factors of m.
3, 7, 11
What are the prime factors of (-10646)/(-2) + (-109 - -120)?
2, 3, 7, 127
Let x be -3 - (2 - 23)/3. Suppose x*h - 1241 = -3*j, 0 = 3*h + 5*j - 2*j - 933. What are the prime factors of h?
2, 7, 11
Let t(m) = 1889 + 3*m + 10*m - 1886 + 41*m**3. What are the prime factors of t(3)?
3, 383
Let b(h) = 838*h - 395. List the prime factors of b(36).
19, 1567
Suppose 52*t - 285201 = 41983. Suppose -714*j = -718*j + t. What are the prime factors of j?
11, 13
Let t be 42/(-4)*(-528)/308. Suppose -t*m = 10*m - 18592. List the prime factors of m.
2, 83
List the prime factors of (-19)/171*21 - 42070/(-3).
7, 2003
Let d be ((-42)/12 - -3)/((-2)/4). Let l = -212 - -214. What are the prime factors of (-13209)/(-63) + (l/6)/d?
2, 3, 5, 7
Suppose 12*g = 15*g - 6. Suppose 0 = -4*t + 3*s + 14, -2*t = 3*t + g*s - 6. Suppose 5*l - y + 80 = 272, -84 = -t*l + 4*y. List the prime factors of l.
2, 19
What are the prime factors of ((-1038)/(-21))/(34/4879)?
41, 173
Let g(k) = k**3 - 2*k**2 - 4*k + 7. Let w be g(3). Suppose -45*i - 35 = -38*i. What are the prime factors of 2 + i + 96 + 16/w?
97
Let u be (-35)/14*16/(-5). Suppose u*y - 3432 = -3*y. List the prime factors of y.
2, 3, 13
Suppose 3*u + 470 = 5*q, 6 = 2*q - 2. Let n = u + 291. List the prime factors of n.
3, 47
Suppose 17*d - 12*d - 5 = 0. Let k(w) = -43*w**3 + w**2 - w + 1. Let p be k(d). Let r = -39 - p. List the prime factors of r.
3
Suppose -h + 5 = 2*z, -4*h = -0*z + 4*z - 8. Suppose -3 = -z*a, 3*u - a - 131 = -0*a. What are the prime factors of u?
2, 11
Let h = -407 + 732. Suppose 5*r = 4